12. What is the units digit of (0 + i)*(29 + 9)?
6
What is the tens digit of (9/6)/(-3*1/(-19214))?
0
Suppose 0 = -35*f + 7*f + 151284. What is the hundreds digit of f?
4
Let m(j) = -21*j**2 + 4*j**3 + 24*j**2 - 13 - 3*j**3 - 6*j. Let s be m(-3). Suppose 3*p - 2*v = 221, 2*p + 217 = s*p - v. What is the tens digit of p?
7
Suppose 80*c = -754008 + 2688968. What is the hundreds digit of c?
1
Let i = 3 - 1. Suppose -5*z - 2*m + 3 = 0, -3*m = -0*z + z + i. What is the units digit of z?
1
Suppose 3*q - 21 = 6*q. Let p(b) = b**2 + 15*b + 4. Let j be p(q). Let l = 1 - j. What is the units digit of l?
3
Suppose -2*q + 3*q = u + 2, 0 = 4*q + 2*u - 14. Let f(s) = 41*s - 10. What is the units digit of f(q)?
3
Suppose 2*z = 6, -5*t + 10*t = 3*z + 181. What is the units digit of t?
8
Let n(h) = 2*h - 19. Let j be n(9). Let t be 1*(0 + (56 - j)). Suppose -u - m - t = -4*u, 3*m - 29 = -u. What is the tens digit of u?
2
Let b = 13834 - 6072. What is the thousands digit of b?
7
Let m(q) be the first derivative of -9 + 1/4*q**4 + 2/3*q**3 - 9/2*q**2 + 6*q. What is the tens digit of m(3)?
2
Let v(g) = -3386*g - 47. What is the units digit of v(-2)?
5
Let a be 86*120/(-136) + (-4)/34. Let h = -6 - a. What is the tens digit of h?
7
Let a be 30/((2 - 7) + 4). Let c = 0 - a. Suppose -y = -0*y - c. What is the units digit of y?
0
Let c = -23005 - -41279. What is the thousands digit of c?
8
Suppose -361178 = -348*j + 95050. What is the units digit of j?
1
Suppose -4*n + 10905 = -4*g - 5019, -3*g - 4*n - 11936 = 0. What is the hundreds digit of (((-12)/(-10))/((-8)/g))/1?
5
Let l(c) = -c**2 - 24*c + 4. Let u(a) = -a**2 - 25*a + 5. Let w(i) = -6*l(i) + 4*u(i). What is the units digit of w(-33)?
2
Suppose -926*j + 86480 = -910*j. What is the tens digit of j?
0
Suppose -310*k = -288*k - 6226. What is the hundreds digit of k?
2
Let a = -1 + -6. Let v = a - -10. What is the tens digit of 102*(-15)/(-20) + v/2?
7
Let z = -552 + 414. What is the hundreds digit of (-2261)/(-3) + 92/z?
7
Let n = 47334 + -11624. What is the tens digit of n?
1
Suppose -3 = 13*l - 14*l. Suppose l*b - 2089 = -19. What is the units digit of b?
0
Let u = -49 - -54. Suppose 5*z - 30 = -5*t, -3*z + 26 = -2*t - 17. Suppose 5*k - 5*i = 500, -u*i - z = -k + 73. What is the hundreds digit of k?
1
Suppose 5*a - 27 = 3*a - w, w - 39 = -3*a. Suppose 80 = j + 3*p, 4*j + 3*p = 362 - 6. Suppose -j = -2*s - a. What is the tens digit of s?
4
Let u(m) = -134 + 52*m - 57*m + 113*m. What is the hundreds digit of u(5)?
4
Let r(m) = -m**3 - 11*m**2 - 11*m + 4. Let t be r(-9). What is the units digit of -6 + 7 - 8 - t?
2
Let t = 621 + -603. Let c(x) = x**2 - 17*x + 41. What is the tens digit of c(t)?
5
Suppose 22*k = 26*k + 468. Let s = 225 + k. What is the tens digit of s?
0
Let l(v) = 2*v - 8. Let y be l(4). Suppose y = 2*u + u - 489. Suppose -3*t = 5*c - u - 167, -66 = -c - t. What is the units digit of c?
6
Suppose 0 = -36*s + 190637 + 21943. What is the thousands digit of s?
5
Let a be -2 + 5*9/15. What is the units digit of (-8)/(3 - a)*-17?
8
Let p(c) = 60*c**2 + 4*c - 4. Let r be p(1). Suppose -3*g + 0*g + r = 0. Let b = g - 10. What is the units digit of b?
0
Suppose -4*h + 24 + 12 = 0. Suppose 3*i - 3 = -5*q, -i + 6*q - 5*q + h = 0. What is the units digit of i?
6
Let q be -5*4/10 + -494. Let l = 780 + q. What is the tens digit of l?
8
Let d(c) = -78*c + 2003. What is the thousands digit of d(-57)?
6
Suppose 7*r = 95094 + 116502. Suppose -38*z + r = -16*z. What is the units digit of z?
4
Let z = 146 - -52. Let u(s) = -13*s - 250. Let v be u(-9). Let t = z + v. What is the tens digit of t?
6
Let d(c) = -c**3 - 8*c**2 + c - 16. Let i be d(-8). Let k be (1 + 214/(-10))/(i/80). Suppose 5*h - 51 = -4*o + 52, 4*o = 4*h - k. What is the units digit of h?
9
Let o(u) = -231*u + 356. What is the hundreds digit of o(-33)?
9
Let l = 28 + -40. What is the hundreds digit of 68/l*(-1 + -74)?
4
Suppose 438 + 227 = s. Let v = -611 + s. What is the tens digit of v?
5
Let q be (-98)/(-5) + (-5 - (-22)/5). Let m = -17 + q. What is the units digit of (77/28)/(m/16)?
2
What is the thousands digit of (27 - 26) + -56217*(-3)/9?
8
Suppose -74066 = -73*c - 24426. What is the hundreds digit of c?
6
Suppose 10*f - 2 = 12*f. Let r be -1131*(-5 - (f - 7)). What is the hundreds digit of r/(-12) + (-3)/(-12)?
2
Let h be 23/(-138) + 829/6. What is the tens digit of h/2 - (6 + -11)?
7
What is the thousands digit of 1/(-7)*5 + (-246673225)/(-5215)?
7
Let o = -3936 - -12965. What is the tens digit of o?
2
Let q(p) = 6*p**2 + 20*p - 7. Suppose -5 = -2*d + 5*s, 7*s = -4*d + 12*s - 15. What is the tens digit of q(d)?
9
Suppose 14*p - 118455 = -21673. What is the tens digit of p?
1
Let u be (-8)/6*(-17037)/36. Suppose -2*c + 386 = c + 5*m, 5*c - 4*m - u = 0. What is the units digit of c?
7
Let m be (0 - -1)/((-200)/(-190) + -1). Suppose 32 - 1020 = -m*u. What is the units digit of u?
2
Let r(g) = g + 2. Let h be r(0). Suppose p - 11 = 24*i - 22*i, -5*i + p = 20. What is the units digit of 45/35 + i/21*h?
1
Let a = 18047 - 7422. What is the ten thousands digit of a?
1
Let b = 1099 + -879. What is the hundreds digit of b?
2
Let r = 62 - 59. What is the hundreds digit of r*(-1)/15*-2105?
4
Let x be 114/10 - ((-126)/35 + 3). Suppose -x*p + 5715 = 3*p. What is the units digit of p?
1
Let q = -23904 - -40533. What is the hundreds digit of q?
6
Suppose -720908 = 106*a - 143*a. What is the thousands digit of a?
9
Suppose 0 = -2*o - 14*h + 18*h + 14284, 0 = -5*h - 5. What is the thousands digit of o?
7
Let l(j) = 16*j - 13. Let f be l(4). Let x = f - 51. Suppose x = 2*h - 11*h + 927. What is the tens digit of h?
0
Let y(x) = 18*x - 2. Let s be y(-3). Let m be (-3)/2 - 14079/114. Let v = s - m. What is the tens digit of v?
6
Suppose -i + 2*g - 62 = -13, 0 = -5*i + 4*g - 245. Let z be i/14 + 4 + (-98)/4. Let x = 107 - z. What is the tens digit of x?
3
Let i(v) = -v - 20. Let r be i(-25). Suppose 1799 = 3*y - 4*j, r*y + 0*j = -2*j + 2955. Suppose 0 = 10*k - 137 - y. What is the tens digit of k?
7
Suppose -46*b + 5413528 = 126*b. What is the ten thousands digit of b?
3
Let a be 3/12 - 115/(-20). Let n(c) = 36*c - 19. What is the units digit of n(a)?
7
Let o(w) = 2*w**3 - 92*w**2 - 22*w + 288. What is the thousands digit of o(48)?
8
Let h(m) = m**3 + 12*m**2 + 16*m + 58. Let l be h(-11). Suppose -l*f + 2*p + 2537 = 0, -p + 6*p = f - 837. What is the hundreds digit of f?
8
Let t(g) = 77*g**2 + 39*g + 464. What is the hundreds digit of t(-11)?
3
Let q = -17075 - -28751. What is the tens digit of q?
7
Let a(u) = 188*u**2 - 115*u - 974. What is the thousands digit of a(-9)?
5
Suppose -67*g = -104*g + 98634 + 165361. What is the units digit of g?
5
Suppose -4*f + 3*b = -0*f - 166, -f + 30 = 5*b. Let d be (960/105)/(3/42). Suppose d = 2*j - f. What is the units digit of j?
4
Let h(u) be the third derivative of u**7/5040 + 19*u**6/720 + u**5/30 + 15*u**2. Let p(g) be the third derivative of h(g). What is the units digit of p(22)?
1
Suppose -o + 9*i = -39059, -4*o - 230*i + 156170 = -233*i. What is the tens digit of o?
4
Suppose 0 = -93*k + 15*k + 121056. What is the hundreds digit of k?
5
Let c(o) = -o**3 - 6*o**2 - o + 20. Let d be c(-6). Suppose 0 = 8*z + d*z - 22508. What is the hundreds digit of z?
6
Let l(g) = 231*g + 3706. What is the hundreds digit of l(-13)?
7
Let f = -488 - -540. Suppose -4*b - 5*j = -0*j - 210, -b - j + f = 0. What is the units digit of b?
0
Let n(c) = 96*c**3 + 4*c**2 - 28*c - 26. What is the tens digit of n(4)?
7
Let o(l) = 521*l**3 + 2*l**2 + 10*l - 24. What is the units digit of o(2)?
2
Suppose -75*v + 77*v + 3*g = 80906, 2*g = 3*v - 121333. What is the units digit of v?
7
Suppose -84 = -4*m + 2*m. Let q(a) = -10*a + 2*a + 10 + m + 15. What is the units digit of q(0)?
7
Let s(n) = n**2 + 9*n - 12. Let u be s(-9). Let k be (4/u)/(1/(-204)). Let i = k - 12. What is the units digit of i?
6
Let j(m) = -4 + 6 + 6*m + 25*m**2 + 8 - 4. Let r be j(-2). Suppose -v = -g + 22 - 119, -r = -v + 4*g. What is the tens digit of v?
9
Let b be 840/100*((-3442)/(-20) + 12/30). Let u be (-1)/2*-2*3. Suppose -u*d + b = 4*d. What is the units digit of d?
7
Suppose -3*t + 12 = t. What is the tens digit of (t - (-3 - -4))*1 - -349?
5
Let t = 59269 + -42297. 